ve of -15*l**4/2 - 7*l**3/3 - 11*l**2/2 + 9*l + 17. Is x(-5) a prime number?
False
Let t be 50 + (-2 - (0 - 3)). Let h = t + -18. Is h*(80/6 - 1) composite?
True
Suppose u - 1545 = 220. Let s = 1267 + -23. Let x = u - s. Is x prime?
True
Suppose -280658 = 262*r - 276*r. Is r a prime number?
True
Suppose -3*l = -7*l - 264. Is 8/2 - (-1 + l) a composite number?
False
Suppose -2*t + 17256 = t. Suppose 4*b - 4*v = 16348, -3*v + t = 5*b - 14715. Is b a prime number?
True
Let j = -97 - -1039. Suppose 4284 = 2*l + j. Is l a prime number?
False
Suppose -75*z - 32*z = -9702439. Is z prime?
True
Let t = -67173 - -96692. Is t a composite number?
True
Let q(x) be the third derivative of 625*x**4/24 + 5*x**3/6 + 9*x**2. Is q(2) a prime number?
False
Suppose -4*u + 5*i = i - 43576, -10909 = -u - 4*i. Is u prime?
False
Let a(z) = 128*z - 2. Let u be a(2). Suppose 2*m + 6*l - 261 = l, 0 = 2*m - 2*l - u. Suppose m + 793 = 3*k. Is k a composite number?
False
Let f(z) = -z + 3*z + 17 + 72 - z. Is f(0) a prime number?
True
Is ((-690)/(-20) + -11)*1*26 prime?
False
Let f(d) = 8*d**2 - 20*d + 6. Let k be f(9). Suppose -4*j = k - 1702. Is j a composite number?
False
Let i be -4 + (-3)/((-12)/(-26720)). Is (-3 - 1)*i/48 a prime number?
True
Is 687*2095/135 + (-2)/9 composite?
True
Let h = 1896 + -1313. Is h prime?
False
Let u(n) = 109*n**2 + 22*n + 2. Is u(-15) prime?
True
Let m = 8 + -3. Suppose 4*w - w = -2*l + 3785, 0 = 3*w + m*l - 3788. Is w composite?
True
Let u(q) = -22*q - 7. Let h be u(6). Let x = 198 + h. Suppose -5*r + 2764 = x. Is r prime?
True
Let f = 2302 + 637. Is f prime?
True
Suppose -4*q = -2*c - 186, c - 161 - 28 = -4*q. Let b = q - 16. Is b prime?
True
Let i(k) = -595*k - 548. Is i(-18) a prime number?
False
Is (4652/20)/((-1)/(-5)) composite?
False
Suppose 835 = 14*i - 607. Is i a prime number?
True
Suppose 0 = o - 2*u + u - 89, -5*o - 4*u = -463. Suppose -a + o = -0*h + 3*h, 3*a - 2*h - 317 = 0. Is a a prime number?
True
Suppose 2 - 42 = v. Let z be (-27696)/v + 2/(-5). Suppose 5*d + 313 = 5*w - z, -4*d = -5*w + 1003. Is w composite?
False
Let u = 3662 + -1689. Is u prime?
True
Let s(h) = h**2 - 10*h + 14. Let c be s(9). Suppose 3*o = 2*k + 1217, -c*o + 1626 = -o - 2*k. Is o a prime number?
True
Suppose 3*a = -2*a. Let r(t) = -t**2 - 3*t + 967. Is r(a) a prime number?
True
Suppose -21*r + 69500 + 42241 = 0. Is r a composite number?
True
Suppose -5*r - z + 25585 = 0, 4*r - r + 4*z - 15351 = 0. Suppose -4*d - t - 2*t + r = 0, -5114 = -4*d - 2*t. Is d prime?
True
Is ((-4488)/(-352))/(3/908) prime?
False
Let m(t) = 34*t**3 - t**2 + 19*t - 107. Is m(5) a composite number?
True
Let x(q) = 3*q - q**2 + 2*q + 10 - 10. Let c be x(5). Suppose 4*t - 217 - 11 = c. Is t composite?
True
Let o = 21 + -14. Let j be 5 - o - (2 + 5). Let y = 6 - j. Is y a prime number?
False
Let a = -5156 - -13363. Is a a prime number?
False
Let n(g) = -10159*g - 2. Is n(-1) a composite number?
True
Suppose 6*u + 4 = 4. Suppose c + 381 - 1660 = u. Is c a prime number?
True
Let d = 932 - -725. Is d a prime number?
True
Is (6 - 2)*447056/64 composite?
False
Let f(n) = -2*n + 11 + 23*n**2 + 862*n**2 - 8 + n. Is f(1) a composite number?
False
Let j(a) = a**2 + 139*a + 13. Is j(32) prime?
False
Suppose 15567 = -7*z + 10*z. Is z prime?
True
Let k = 3 - 4. Is (0 - (-3513)/(-3))*k a composite number?
False
Suppose -4*n + 12 = -0. Suppose 0 = -p + 3*b + 102, 0*p + n*b = -p + 132. Suppose -q + a = -p, -3*a = -2*q + 6*q - 482. Is q prime?
False
Let s be (27212/(-6) + 0)/((-44)/66). Suppose -5*n - v + 13561 = -n, -2*n - 5*v = -s. Is n prime?
True
Suppose -2*z = 170 - 170. Suppose 3*q - 6 = z, c + 4*q - 1947 = -q. Is c composite?
True
Let y be (0 + -1)*(-2 + -2). Suppose -3*k = y*z + 4 + 19, 0 = k + 2*z + 11. Is (k + 0)/(3/(-633)) a prime number?
True
Is (-35227)/(-3) + 1 - (-8)/(-24) composite?
False
Suppose 2*s - 374 - 296 = 0. Let q = s - 589. Let w = -75 - q. Is w composite?
False
Let z = 8555 - 3804. Is z prime?
True
Suppose 7*d = 3*d + r, r + 1 = 5*d. Let g = d + -5. Is (-2)/(-8) - 83/g prime?
False
Let y = 6 - -1. Suppose -6693 - 104 = -y*s. Is s a prime number?
True
Let i be 4/(-18) + (-100)/36 - -7. Suppose -2555 = -9*a + i*a. Is a composite?
True
Suppose -v - 3*x - 3 + 2 = 0, 2*x - 25 = -3*v. Let t(k) = 10*k + 12 + 5 - 6 + v*k. Is t(15) prime?
False
Let d be (-237)/(-5) - (-4)/(-10). Let b be 8/(-28) - (-2034)/14. Suppose -4*c = j - 69, -5*c - d - b = -4*j. Is j a composite number?
False
Suppose -3*j = -5*j. Is (1337 - 0)*(1 - j) a composite number?
True
Let l be 3 - (1 + (5 - 4) - 299). Suppose 0 = -q - 4*q - 1225. Let f = l - q. Is f a prime number?
False
Let v be -1 - 1 - (1 + -6). Suppose 4*f + v*o = -182, -3*o + 180 + 34 = -5*f. Let n = 83 - f. Is n composite?
False
Suppose -c = 3*d - 1 - 3, 3*d = 4*c - 31. Suppose -4*u + 2*r = -10, -2*u = -c*r + 2*r - 1. Suppose -5*j + 5*w = u*w - 185, -25 = 5*w. Is j composite?
True
Suppose -3*f = -2 - 1. Let h = f - -3. Suppose -3*b = -5*k - 512, -2*b + b + 199 = h*k. Is b prime?
True
Is -11 - (122262/(-7) - -2) composite?
True
Suppose -12*j - 259522 = -46*j. Is j composite?
True
Suppose -1 = -4*j + 3, -5*r + 14 = -j. Suppose z - 2*w + 3*w = 202, -r*w + 3 = 0. Is z a prime number?
False
Let a = -24 + 21. Let l be 0/4 + a - -9. Suppose -4*o - 54 = -2*n, -n + l*o = 3*o - 31. Is n prime?
True
Suppose 4 = -3*r + 10. Suppose 0*v + 2*v - 5*t = 213, 0 = r*v + 4*t - 222. Is v a prime number?
True
Is (6/8 - 5/(-20))*2257 a composite number?
True
Let j(w) = 34*w + 7. Let q be j(3). Let l = q + -76. Is l a prime number?
False
Suppose 4*o + 12 = -4*f, 3*f + 4*o - 1 + 6 = 0. Let c(s) be the second derivative of -s**3/6 + 4*s**2 + s. Is c(f) a composite number?
True
Let r = -23 - -26. Suppose 22 = p - 4*m, 6 = 2*p - m - r. Suppose 3*q = b + 646 + 307, p*q + b - 632 = 0. Is q a composite number?
False
Let a = -34762 + 24397. Let m = -4696 - a. Is m composite?
False
Suppose 4 = -s - 8. Let a be ((-3)/2)/(9/s). Suppose a*k - 634 = -120. Is k a composite number?
False
Let p = 2512 + -1196. Suppose y + p = 5*y. Suppose 0*n = -n + y. Is n a composite number?
True
Let d(r) = 857*r - 126. Is d(11) a prime number?
False
Suppose 2*d = 3*j - 61 - 12, 3*d - 5*j + 110 = 0. Is (-7371)/d - 4/(-10) a composite number?
False
Let f be ((-20)/3)/((-2)/6). Let s be (-6)/(-39) + (-768)/(-78). Let k = f - s. Is k composite?
True
Let t(h) = -h**2 - 7*h + 4. Let q be t(-7). Suppose 3*u - 3 = q*u, 3*z = 2*u + 2379. Is z composite?
True
Let u(b) = b**3 + 3*b**2 + 2*b - 4. Let x be u(-3). Let k be 3/9 - x/6. Suppose 2 = k*z - 152. Is z composite?
True
Let c = 23 + -18. Suppose c*r = -3*s + 6*r + 1147, 3*r = -2*s + 761. Suppose 4*p = 2*p + s. Is p prime?
True
Let g = -12900 + 24183. Is g a prime number?
False
Let i = -74 + 81. Suppose 3378 = i*c - c. Is c composite?
False
Suppose z + 636 = 5*z. Suppose 0*s = 3*s - z. Suppose 2*q + 20 = u + 4, 0 = -2*u - 3*q + s. Is u a composite number?
True
Suppose -5*q = -g - 18, -3*q - 2*q = g - 22. Suppose -2*i + 6455 = q*p + p, 3*p = -5*i + 3873. Is p composite?
False
Let v = -1802 + 3028. Suppose b = -4*j + v, 0 = -3*j + b + b + 925. Is j a composite number?
False
Suppose -4*p = -4*z - 12, -2*p + 2 = 7*z - 8*z. Is 995 - p/(4/12) composite?
True
Is 40/(-12)*7893/(-15) prime?
False
Suppose -13638936 = -69*s - 471183. Is s a prime number?
True
Suppose -2*o = l - 3, -l - 3*l = -3*o - 12. Suppose -z - 4*d + 35 = 13, -5*z + 5*d + 110 = o. Is z a prime number?
False
Suppose 0 = -3*c + c + 8. Suppose -7*d - c*a = -3*d - 2204, a = d - 555. Is d prime?
False
Suppose 229*d = 233*d - 69508. Is d a composite number?
False
Let i = 985 + -538. Is i a prime number?
False
Let v(w) = -3*w**3 + 3*w**2 + 8*w + 3. Let o be (-6)/4*(-56)/(-21). Is v(o) prime?
True
Let u = 5903 + 12278. Is u a prime number?
True
Is (-14)/(-56) - 44611/(-4) a composite number?
True
Let w(v) = 77 + 15*v + 9*v + 7*v - 83. Suppose -58 = -3*t - 5*y, -y - y = -10. Is w(t) composite?
True
Let g(h) = -495*h**2 - 18*h - 32. Let y be g(-2). Suppose -n + 4*n = 4*u - 24, 4*n + 16 = 0. Is u/(-1) + y/(-4) prime?
True
Let q(r) = 57*r - 8. Let o be q(14). Let i = 1125 - o. Is i a composite number?
True
Let t(h) = 6 - h**2 + 2 - 2*h + 11 - 21 - 1386*h**3. Is t(-1) a prime number?
False
Let g = -8